late the greatest common factor of g and 48.
24
Let h = -856 + 1592. Suppose 4*w = -5*u + h, u - 2*w = 4*u - 440. Calculate the highest common divisor of 36 and u.
36
Let n = 76 - 50. Suppose -3*y + n = t, -t + 6*t = 2*y - 40. Let w = 11 - y. Calculate the greatest common factor of 5 and w.
1
Let j = 28 - 48. Let y = j - -8. Let b be 122/6 - (-4)/y. Calculate the highest common divisor of b and 8.
4
Let t(o) = -3 + 5*o**2 - 6*o**2 + 7 - 8*o. Let l be t(-4). What is the highest common factor of l and 30?
10
Let g be (-51 + 3)/((-9)/(-66)*-1). Let o(f) = 4*f**3 + f**2 - 4*f + 4. Let w be o(2). Calculate the greatest common divisor of w and g.
32
Let i be (3/(-6))/(((-102)/216)/17). Let d = -316 - -442. What is the highest common factor of d and i?
18
Suppose -8*b + 30 = -3*b. Suppose -98 - 82 = -b*m. Calculate the highest common divisor of m and 20.
10
Suppose 9*z - 7*z = 0. Suppose z = y + 4*y - 25. Let n be (2/y)/(1/300). What is the greatest common factor of n and 15?
15
Let p be 20/(-25)*-5 + 2. What is the highest common divisor of p and 6?
6
Let t be -3 + 0 + 116 + -9. Suppose 0 = -4*c - g + 59, 2*g = -c + 6 + 7. Let m = 28 - c. What is the highest common factor of t and m?
13
Let s(c) = c**2 - 19*c - 26. Let m be s(21). What is the greatest common divisor of 40 and m?
8
Suppose 4*r - 228 = -2*s, -3*r - 3*s = -5*s - 185. Let k = r + 85. Calculate the highest common divisor of k and 96.
48
Suppose -6*p - 320 = -2*p + 4*s, p - 5*s = -80. Let v = 86 + p. Let k be -3 - (1 - 2) - -17. What is the highest common divisor of k and v?
3
Let q = 434 + -358. Calculate the highest common divisor of q and 95.
19
Suppose 2*r - 6*r + 5*c = -35, 5*c = -4*r + 85. Suppose -r*h - 136 = -511. Calculate the highest common divisor of h and 75.
25
Suppose 250 = 5*d + 125. What is the highest common divisor of d and 95?
5
Let i be (1/1 - -1) + 352 + 26. Calculate the highest common factor of 19 and i.
19
Let y(k) = -2*k**3 + 60*k**2 + 8. Let x be y(30). Calculate the highest common factor of 88 and x.
8
Let l(m) = m**3 + 10*m**2 + 30. Let z be l(-10). What is the highest common divisor of z and 230?
10
Suppose 292*x - 283*x - 594 = 0. Calculate the greatest common divisor of 572 and x.
22
Let x(k) = -k - 8. Let u be x(-10). Suppose n = 4*t + 21, -22 = -2*n + 3*t - 0*t. Calculate the greatest common factor of u and n.
1
Suppose 5*s = -0*s + 4*o + 327, 264 = 4*s - 2*o. Suppose 3*q - s = 83. What is the highest common divisor of q and 550?
50
Let v be 15/(-10) - 99/(-6). Let n = 19 - v. Suppose -n*b + 26 + 14 = 0. Calculate the highest common divisor of 30 and b.
10
Suppose 0*x = -4*x - 12, -85 = -2*k - x. Calculate the greatest common factor of k and 484.
44
Let k(x) = -21*x + 4. Let r be k(-3). Let o = -42 - -88. Let p = r - o. Calculate the highest common divisor of 3 and p.
3
Suppose 43 = 2*j - 57. Let h = 88 - j. Calculate the greatest common factor of 418 and h.
38
Let l(y) = y**3 - 2*y**2 - 2*y + 15. Let a be l(5). Suppose -9*f - f + a = 0. Let r = -75 - -163. Calculate the greatest common divisor of f and r.
8
Let v = -32 + 60. Suppose -7*i - 195 = -2*i. Let a be ((-30)/(-4))/(i/(-364)). What is the highest common divisor of a and v?
14
Let n(t) be the third derivative of t**5/20 + 3*t**4/8 - 7*t**3/2 - 14*t**2. Let f be n(10). What is the highest common divisor of 41 and f?
41
Let h(x) = x**3 + 46*x**2 - 9*x - 30. Let c be h(-46). Calculate the highest common factor of c and 72.
24
Let n(c) = -854*c - 55. Let y be n(-1). Calculate the highest common divisor of y and 94.
47
Let l(q) = 2*q - 9. Let j(o) = o - 9. Let f(c) = 2*j(c) - 3*l(c). Let t be f(-5). Let p = t + -5. What is the highest common factor of 16 and p?
8
Let f(h) = 2*h + 46. Let p be f(-11). Calculate the highest common factor of 40 and p.
8
Let z be 154 + 5 + -1 + -3. Calculate the greatest common factor of z and 93.
31
Suppose 5*z + 3*j - 43 = 3*z, 81 = 4*z + 5*j. Suppose 2*i + 279 = -49. Let r = 290 + i. Calculate the highest common factor of z and r.
14
Suppose 2*t - 21 = -5*t. Suppose -t*m + 45 = w, m - 20 = -0*w - 2*w. What is the highest common factor of m and 63?
7
Let t(o) = o + 55. Let b be t(-19). What is the greatest common divisor of b and 34?
2
Let h be 14*((-12)/(-7))/6. Suppose -a - 20 = 4*a, h*c + a - 412 = 0. What is the highest common factor of 26 and c?
26
Let k = -84 - -90. What is the greatest common divisor of 402 and k?
6
Let o(p) = 8*p**2 + 6*p + 3. Let m be o(-6). Suppose 0 = 4*c + 2*l - 62, c - 5*l + 8 = 18. Calculate the greatest common factor of c and m.
15
Let u(q) be the second derivative of q**4/3 - 7*q**3/6 - 4*q**2 + 10*q. Let h be u(-3). What is the greatest common divisor of h and 7?
7
Let v be 6*2 + 84/(21 + -7). Calculate the greatest common factor of v and 246.
6
Let o(s) = 2*s - 2. Let k be o(-14). Let q = k + 66. Let i be (57/(-6) - -2)*-12. Calculate the greatest common divisor of i and q.
18
Let w = -91 + 95. What is the greatest common factor of w and 4?
4
Let h be (4347/46)/((-1)/(-2)). Let p be (-4)/(-10) - 0 - h/(-15). What is the greatest common divisor of p and 143?
13
Let k be (84/(-112))/(6/(-16)). Suppose -4*j + 3*u + 90 = k*u, -2*u = 3*j - 62. What is the highest common factor of 110 and j?
22
Let d = 2 + 14. Calculate the greatest common divisor of d and 136.
8
Let n(l) = -l + 11 + 3*l - l. Let t = 33 - 41. Let m be n(t). Calculate the greatest common factor of m and 9.
3
Let w(d) = 39*d**2 + 0*d + d + 2*d - 2*d. Let i be w(-1). Let h = -29 + i. Calculate the highest common factor of h and 18.
9
Suppose -5*t = -5*u - 2*t - 5, u - 5*t = -23. What is the greatest common factor of 9 and u?
1
Let q(x) = x**2 + 3*x - 33. Let g be q(-12). What is the highest common divisor of g and 25?
25
Let b(w) = w**3 - 23*w**2 + 5*w - 63. Let u be b(23). Calculate the highest common divisor of 221 and u.
13
Suppose -124 = -11*p - 113. Suppose -9 + 25 = 2*h. Calculate the greatest common divisor of p and h.
1
Suppose -552 = -32*l + 600. What is the highest common divisor of l and 48?
12
Suppose 1520 + 2736 = 8*s. What is the greatest common factor of s and 112?
28
Suppose 340 + 92 = 6*r. What is the highest common divisor of 24 and r?
24
Let v(q) be the first derivative of -1/2*q**2 + 12*q + 8. Let i be v(-12). What is the greatest common divisor of i and 16?
8
Suppose 5*h - 449 - 146 = 0. Calculate the highest common divisor of h and 51.
17
Suppose -4*p + j + j = -852, 0 = -3*j - 6. What is the highest common factor of p and 4?
4
Suppose -2*o - 5*m + 4 = -31, -4 = 4*m. What is the highest common factor of 10 and o?
10
Suppose -1155 = -73*y + 6145. What is the greatest common factor of y and 140?
20
Suppose 4*i - 5*p - 99 = 0, 145 = i + 4*i - 2*p. What is the greatest common factor of 713 and i?
31
Suppose 2*k + x = 13, x + 15 = 4*x. Suppose 4*m = -5*l + 23, 2*l = -2*m + k*m - 34. Calculate the greatest common divisor of 24 and m.
12
Let f(t) be the third derivative of 41*t**4/24 - 11*t**3/6 + 5*t**2. Let v be f(3). Let y be (-98)/(-6) - 2/6. What is the highest common divisor of v and y?
16
Let k = -110 - -116. Calculate the highest common divisor of k and 4.
2
Let k be (-3 - -4)*(31 - 12). What is the highest common factor of 171 and k?
19
Let j be (-306)/(-2) + -2 + -4. What is the greatest common factor of j and 21?
21
Let r(p) = 2*p**2 - 1. Let t = 11 - 9. Let s be r(t). Let h = s + 23. Calculate the highest common divisor of h and 6.
6
Let m = -13 - -83. Let a = -96 + 100. Suppose 4*z - a*h - 48 = 0, z - 3*z + 10 = 5*h. Calculate the greatest common factor of m and z.
10
Let a be 36/8*2/3. Let n(o) = 3*o**2 - 4*o - 4. Let d be n(a). Calculate the highest common divisor of d and 44.
11
Let o be (-4)/(-22) - 1800/(-22). Let h = o - -1. Let s = 167 - h. What is the highest common divisor of 12 and s?
12
Let v be (-2363)/(-153) - 8/18. Suppose x + 4*p - 5 = -0*x, 4*x + 2*p - 90 = 0. Calculate the greatest common divisor of x and v.
5
Let s = -304 + 556. What is the highest common divisor of s and 56?
28
Suppose -4*v = v - 90. Let k(w) = -2*w + 17. Suppose t + 0 = f - 3, 16 = 3*f + 4*t. Let d be k(f). What is the greatest common divisor of v and d?
9
Let m be -1 + (-2 - 0 - -6). Suppose -3*y + 2*y - m = -3*d, -5*d = 4*y - 5. Let u be ((-21)/1)/(-3)*1. Wha